et u(g) = -g**3 + 9*g**2 + g - 4. Let r be u(9). List the prime factors of (-3 - (-115)/5)*16/r.
2
Let g = 311 + -180. What are the prime factors of g?
131
Let w(o) = -41*o**3 - 5*o**2 - 12*o + 1. List the prime factors of w(-4).
2593
Let b(j) = 3*j + 4. Let h(y) = y - 1. Let v(n) = -b(n) - 2*h(n). Let s be v(-1). Suppose 33 = t - 3*f + 3, -150 = -5*t + s*f. What are the prime factors of t?
2, 3, 5
Let t be (-3)/1*(-511)/21. Let d = t - 29. List the prime factors of d.
2, 11
Suppose 5*g - 4*r = -392, 6 = -r - 2*r. Let c be g*-1*(-9)/(-12). Let f = c - 38. List the prime factors of f.
2, 11
Suppose 4*v + 10 = 30. Suppose -v*w - 58 = 3*t - 4*t, -224 = -3*t + 5*w. What are the prime factors of t?
83
Let s(y) = -527*y + 26. What are the prime factors of s(-1)?
7, 79
Let x(y) = 41*y - 7. Suppose 0 = 4*w - 7 - 1. List the prime factors of x(w).
3, 5
Suppose -106 = -17*x + 12*x - 3*p, -x + 38 = -5*p. List the prime factors of x.
23
Suppose 0*r + 39172 = 14*r. List the prime factors of r.
2, 1399
Suppose -3*q + 8 + 7 = 0. Suppose 5*v - y = -5*y + 48, 15 = -q*y. What are the prime factors of v?
2, 3
Let y(n) = 11 - 12 - 11*n - 8 + 2*n. What are the prime factors of y(-14)?
3, 13
Let n(b) = -46*b**2 + 2. Let p be (2/6)/((-8)/(-24)). Let q be n(p). Let w = 90 + q. List the prime factors of w.
2, 23
Let c = 1402 - 133. List the prime factors of c.
3, 47
Let u be (1 - 3)/(3/(-6)). Suppose -u*s + 4*l - 96 = 0, -s - s + 5*l = 54. What are the prime factors of (3 + s)/((-2)/6)?
3, 19
What are the prime factors of ((-66)/88)/((-2)/416)?
2, 3, 13
Let k = -232 - -516. List the prime factors of k.
2, 71
Let b be 2/(-6) + 10/30. Suppose -5*h + l = -b*l + 315, -3*h = 3*l + 171. What are the prime factors of (-5)/(-5)*h/(-2)?
31
Let j(h) = -h**3 - 7*h**2 + h + 12. Let s be j(-7). Suppose -s*c + 65 = 4*r - 0*r, 0 = -3*c - 5*r + 52. List the prime factors of c.
3
Let g be 4 - (23*14)/(-2). What are the prime factors of (-1 - -5)/(0 - (-6)/g)?
2, 5, 11
Suppose -4*m - 5*y + 2892 = 0, m - 976 = -3*y - 253. What are the prime factors of m?
3, 241
Let h(b) = -3*b + 5*b - 27 - 5*b - 5*b. What are the prime factors of h(-12)?
3, 23
Let u = -17 + 918. What are the prime factors of u?
17, 53
Suppose -w + 4*p - 11 - 4 = 0, 3*p = -3*w + 30. What are the prime factors of w + -2 + 0 + 194?
197
Let c = 11 + -5. Suppose -10 + c = -x. What are the prime factors of x?
2
Let w = 477 + 167. List the prime factors of w.
2, 7, 23
Suppose 9*s = 19890 + 6390. What are the prime factors of (-4)/(-14) + s/70?
2, 3, 7
Let i(f) = -4*f - 10. Let y be i(-4). Let u(x) = x**3 - 6*x**2 + 3*x - 2. What are the prime factors of u(y)?
2
Let p(o) = -8*o - 4*o - 10 + 2*o + 9*o**3 - 10*o**3 - 2*o**2. What are the prime factors of p(-4)?
2, 31
Let v = -800 + 1695. What are the prime factors of v?
5, 179
Suppose 0 = -7*q - 7 - 7. Let j be q/(-4 - (-28)/8). Suppose 204 = j*p - 3*a, -5*a + 223 = 4*p + 51. List the prime factors of p.
2, 3
Suppose -2*w = -2, 2*w + 701 = 3*a - 719. Suppose -a = -4*u + 178. List the prime factors of u.
163
Suppose 2*k = -2*a + 8824, 16*a - 13238 = -3*k + 15*a. List the prime factors of k.
3, 1471
Suppose 5*u - 4*c - 3 = 0, -5*u - 10 = 3*c + 1. Let h be -4 - (u + 150)*-1. Let m = -97 + h. List the prime factors of m.
2, 3
Let q(i) = 16 - 8 + 5*i + 10*i**2 + i**3 + 3 + 4*i. List the prime factors of q(-9).
11
Let b(j) = -1 - 12 - 4 + 30*j + 4*j**2 + 10*j. List the prime factors of b(-14).
3, 23
Let z be 6/(-9)*36*-7. Let l = -99 + z. What are the prime factors of l?
3, 23
Let b(j) = 23*j**3 - 2*j + 1. Let f be b(1). Let t = 289 - 286. Suppose t - f = -p. List the prime factors of p.
19
Suppose -a = -3*b + b + 47, 3*b - 2*a - 70 = 0. What are the prime factors of 412/3 - (b/(-9) + 3)?
137
Let y = -920 - -4425. What are the prime factors of y?
5, 701
Let f be 7/(28/(-8))*1*-4. Suppose -6*r - 26 = -f*r. List the prime factors of r.
13
Let j(s) = -s**3 + 4*s**2 + s - 4. Let b be j(5). Let o = -50 - b. What are the prime factors of (-4)/3*507/o?
2, 13
Suppose -2 + 3 = -3*i - 2*v, v + 5 = 0. Suppose -2*w + i*w - 44 = 0. Suppose 8*u + w = 10*u. What are the prime factors of u?
2, 11
Let l(h) = h + 1. Let n(v) = 2. Let p(o) = 3*l(o) - 2*n(o). Let t be p(7). Suppose t = -5*i + 9*i. List the prime factors of i.
5
Let a be (-5)/20 + 149/4. Suppose -a*x = -35*x - 8. Suppose -4*h - g + 229 + 59 = 0, 2*h = x*g + 126. List the prime factors of h.
71
Let d be 7 + 4/(-1)*1. What are the prime factors of 3/((-4 - -2) + d)?
3
Let j(l) = l**2 + 7*l + 2. Let m be j(-6). Let p be (-6)/(-8) - 13/m. Suppose p*d = 21 + 75. What are the prime factors of d?
2, 3
Suppose -5*m + 99 = y + 10, -y = m - 101. Let g = 129 - y. List the prime factors of g.
5
Suppose 5*v - 2591 = 74. What are the prime factors of v?
13, 41
Suppose -9*y = y - 6710. What are the prime factors of y?
11, 61
Let m(b) = b**3 - 8*b**2 - 1. Suppose -5*w = 10, 22 = 3*q + w - 0*w. Let z be m(q). What are the prime factors of ((-25)/15)/(z/3)?
5
Let o be 33/2*(-16)/(-6). Let z be o/10*(1 - -9). Let q = 73 - z. What are the prime factors of q?
29
Let f(v) = -2*v**2 - 26*v + 4. Let a be f(-13). Suppose -a + 21 = j. What are the prime factors of j?
17
Suppose -5*h - 4*y + 167 = 0, -4*h = -y + 2*y - 127. Suppose -3*p + 29 = -h. What are the prime factors of p/(-6)*60/(-8)?
5
Let p(d) = 2*d**3 + 26*d**2 + 25*d + 10. What are the prime factors of p(-11)?
3, 73
List the prime factors of 8/(-4)*(0 + 394/(-4)).
197
Let p = -11 + 1. Let o(i) = -2*i - 6. Let y be o(-4). Let m = y - p. What are the prime factors of m?
2, 3
Let k(n) = -n**2 + 4*n. Let w be k(5). Let a(x) = -x**2 - 4*x + 8. Let c be a(w). Let v(t) = 9*t + 5. What are the prime factors of v(c)?
2
Suppose q + q = 8. Suppose y + q*x - 6 = -0*y, 0 = -x - 4. What are the prime factors of y?
2, 11
Let u(b) = -86*b + 195. What are the prime factors of u(-10)?
5, 211
Let f = 2094 + 1311. What are the prime factors of 5/(-3) - -1 - f/(-45)?
3, 5
Suppose -22 = -2*q + 34. Let m be (-21)/(-15) - (-2)/(-5). Let d = m + q. What are the prime factors of d?
29
Let d(j) = j - 19. Let f be d(27). Suppose -258 = f*b - 1466. List the prime factors of b.
151
Let j = -8 + 15. Let q = j + -24. Let h = 32 + q. List the prime factors of h.
3, 5
Let u(b) = b**3 + 4*b**2 + 9*b - 21. Let r be u(6). Suppose 0*h - r = -4*o - 3*h, -h = -4*o + 381. List the prime factors of o.
2, 3
Suppose -374 = -5*h + 2*q, 3*h - 191 = 5*q + 41. Let i = 58 + h. List the prime factors of i.
2, 3, 11
Suppose 0 = 5*y + 15, -4*j + 28 + 9 = y. Let m(n) = 5*n - 20. What are the prime factors of m(j)?
2, 3, 5
Suppose 0 = 3*r - 2*r + 83. Let c = r + 144. What are the prime factors of c?
61
Let w(q) = 3*q**2 + 14*q + 61. Let c be 4/14 + 638/(-77). List the prime factors of w(c).
3, 47
Suppose 0 = -4*i + 2*n + 2014, -5*n = -5*i + 3419 - 909. What are the prime factors of i?
5, 101
Let m(k) = 31*k**2 - 6*k - 15. List the prime factors of m(-3).
2, 3, 47
Let s(w) = w + 13. Let h be -12 + (1 - -2) + -1. Let n be s(h). Let o(l) = 5*l + 2. What are the prime factors of o(n)?
17
Suppose -3*y - 206 = -b + 2*y, 0 = 4*y + 20. Suppose 3*q = -g + 3*g + 173, 4*g = 3*q - b. Suppose 0 = -5*d - 0*d + q. What are the prime factors of d?
11
Let t(l) = -2*l - 1. Let d be t(-1). Let b(i) = 12*i**2 + 72*i + 6. Let q be b(-6). Let a = d + q. List the prime factors of a.
7
What are the prime factors of (-690)/(-6)*(-40)/(-25)?
2, 23
What are the prime factors of 90615/120 + 4/(-32)?
5, 151
Let y be (-28)/(-126) + (-16)/(-9). Suppose y*t + 373 = 3*r, -4*r - 5*t = 7 - 489. List the prime factors of r.
3, 41
Suppose 4*a + 5*v = 5*a - 72, a = -5*v + 92. What are the prime factors of a?
2, 41
Let r(c) = c + 29. Let d(k) = 83. Let j(h) = -h + 82. Let y(f) = 5*d(f) - 4*j(f). Let l(u) = 7*r(u) - 2*y(u). What are the prime factors of l(12)?
17
List the prime factors of ((-481032)/17)/(-18) + (1 - 4).
3, 523
Let y = -389 - -436. What are the prime factors of y?
47
Suppose -82*h + 11038 = -65960. What are the prime factors of h?
3, 313
Suppose 0 = 2*f + 5*a + 147, 4*a + 210 = -2*f - f. List the prime factors of 4 - f/(2 - 1).
2, 5, 7
Let y be 3 - -2 - (1 + 3) - -1. Suppose -4*w = -3*c + 569, y*c + 2*c - 3*w - 754 = 0. List the prime factors of c.
11, 17
Suppose -y + 716 = 4*